{"id":11,"date":"2017-10-08T04:09:04","date_gmt":"2017-10-08T07:09:04","guid":{"rendered":"\/page\/?page_id=11"},"modified":"2024-07-07T11:31:33","modified_gmt":"2024-07-07T14:31:33","slug":"contato","status":"publish","type":"page","link":"https:\/\/www.maisqueadoradores.com\/page\/contato\/","title":{"rendered":"Contato"},"content":{"rendered":"<p><img data-recalc-dims=\"1\" fetchpriority=\"high\" decoding=\"async\" class=\"alignnone wp-image-983\" src=\"https:\/\/i0.wp.com\/www.maisqueadoradores.com\/page\/wp-content\/uploads\/2018\/04\/OK8NA30-770.jpg?resize=501%2C293&#038;ssl=1\" alt=\"\" width=\"501\" height=\"293\" srcset=\"https:\/\/i0.wp.com\/www.maisqueadoradores.com\/page\/wp-content\/uploads\/2018\/04\/OK8NA30-770.jpg?w=770&amp;ssl=1 770w, https:\/\/i0.wp.com\/www.maisqueadoradores.com\/page\/wp-content\/uploads\/2018\/04\/OK8NA30-770.jpg?resize=300%2C175&amp;ssl=1 300w, https:\/\/i0.wp.com\/www.maisqueadoradores.com\/page\/wp-content\/uploads\/2018\/04\/OK8NA30-770.jpg?resize=768%2C449&amp;ssl=1 768w, https:\/\/i0.wp.com\/www.maisqueadoradores.com\/page\/wp-content\/uploads\/2018\/04\/OK8NA30-770.jpg?resize=696%2C407&amp;ssl=1 696w, https:\/\/i0.wp.com\/www.maisqueadoradores.com\/page\/wp-content\/uploads\/2018\/04\/OK8NA30-770.jpg?resize=719%2C420&amp;ssl=1 719w, https:\/\/i0.wp.com\/www.maisqueadoradores.com\/page\/wp-content\/uploads\/2018\/04\/OK8NA30-770.jpg?resize=20%2C12&amp;ssl=1 20w\" sizes=\"(max-width: 501px) 100vw, 501px\"><\/p>\n<p>Deseja mais informa&ccedil;&otilde;es sobre os artigos?<br>\nGostaria de pedir para falarmos sobre algum assunto?<br>\nConvite para Workshop?<br>\nGostaria de contribuir com alguma sugest&atilde;o de conte&uacute;do ou corre&ccedil;&atilde;o?<br>\nMais informa&ccedil;&otilde;es sobre o Minist&eacute;rio Mais Que Adoradores?<\/p>\n<p style=\"padding-left: 30px;\"><strong>Voc&ecirc; pode usar o formul&aacute;rio abaixo ou atrav&eacute;s de mensagem privada na nossa p&aacute;gina no facebook:&nbsp;<a href=\"https:\/\/www.facebook.com\/ministeriomqa\/\">https:\/\/www.facebook.com\/ministeriomqa\/<\/a><br>\n<\/strong><em>Por enquanto n&atilde;o estaremos fornecendo nossos telefones.<\/em><\/p>\n<p><strong>Formul&aacute;rio de contato:<\/strong><\/p>\n<p>[contact]<\/p>\n<p>&nbsp;<\/p>\n","protected":false},"excerpt":{"rendered":"<p>Deseja mais informa\u00e7\u00f5es sobre os artigos? Gostaria de pedir para falarmos sobre algum assunto? Convite para Workshop? Gostaria de contribuir com alguma sugest\u00e3o de conte\u00fado ou corre\u00e7\u00e3o? Mais informa\u00e7\u00f5es sobre o Minist\u00e9rio Mais Que Adoradores? Voc\u00ea pode usar o formul\u00e1rio abaixo ou atrav\u00e9s de mensagem privada na nossa p\u00e1gina no facebook:\u00a0https:\/\/www.facebook.com\/ministeriomqa\/ Por enquanto n\u00e3o estaremos [&hellip;]<\/p>\n","protected":false},"author":2,"featured_media":983,"parent":0,"menu_order":4,"comment_status":"closed","ping_status":"closed","template":"","meta":{"advgb_blocks_editor_width":"","advgb_blocks_columns_visual_guide":"","jetpack_post_was_ever_published":false,"footnotes":""},"class_list":["post-11","page","type-page","status-publish","has-post-thumbnail"],"coauthors":[],"author_meta":{"author_link":"https:\/\/www.maisqueadoradores.com\/page\/author\/melkih\/","display_name":"Melkih Washington de Oliveira"},"relative_dates":{"created":"Publicado 9 anos atr\u00e1s","modified":"Atualizado 2 anos atr\u00e1s"},"absolute_dates":{"created":"Publicado em 08\/10\/2017","modified":"Atualizado em 07\/07\/2024"},"absolute_dates_time":{"created":"Publicado em 08\/10\/2017 04:09","modified":"Atualizado em 07\/07\/2024 11:31"},"featured_img_caption":"","featured_img":"https:\/\/www.maisqueadoradores.com\/page\/wp-content\/uploads\/2018\/04\/OK8NA30-770.jpg","series_order":"","jetpack_sharing_enabled":true,"jetpack_shortlink":"https:\/\/wp.me\/P9jsF4-b","jetpack_likes_enabled":true,"_links":{"self":[{"href":"https:\/\/www.maisqueadoradores.com\/page\/wp-json\/wp\/v2\/pages\/11","targetHints":{"allow":["GET"]}}],"collection":[{"href":"https:\/\/www.maisqueadoradores.com\/page\/wp-json\/wp\/v2\/pages"}],"about":[{"href":"https:\/\/www.maisqueadoradores.com\/page\/wp-json\/wp\/v2\/types\/page"}],"author":[{"embeddable":true,"href":"https:\/\/www.maisqueadoradores.com\/page\/wp-json\/wp\/v2\/users\/2"}],"replies":[{"embeddable":true,"href":"https:\/\/www.maisqueadoradores.com\/page\/wp-json\/wp\/v2\/comments?post=11"}],"version-history":[{"count":1,"href":"https:\/\/www.maisqueadoradores.com\/page\/wp-json\/wp\/v2\/pages\/11\/revisions"}],"predecessor-version":[{"id":3034,"href":"https:\/\/www.maisqueadoradores.com\/page\/wp-json\/wp\/v2\/pages\/11\/revisions\/3034"}],"wp:featuredmedia":[{"embeddable":true,"href":"https:\/\/www.maisqueadoradores.com\/page\/wp-json\/wp\/v2\/media\/983"}],"wp:attachment":[{"href":"https:\/\/www.maisqueadoradores.com\/page\/wp-json\/wp\/v2\/media?parent=11"}],"curies":[{"name":"wp","href":"https:\/\/api.w.org\/{rel}","templated":true}]}}